4*r + 3*a - 819 = 0, 422 = -r + 3*r + 4*a. Calculate the greatest common factor of 15 and r.
3
Let p = 191 - -52. What is the highest common factor of p and 18?
9
Let b(r) = -4*r + 48. Let t be b(6). Calculate the highest common divisor of t and 20.
4
Suppose -31*k = -28*k - 483. Let n be k/4 - (-20)/(-80). Calculate the highest common factor of n and 20.
20
Let r be 0 - 0*(-1 - -2)/1. Let p be (-1 - r)/(9 - 10). Suppose 0 = 5*h - 36 - 4. What is the highest common factor of h and p?
1
Suppose 13*s - 14*s + 30 = 0. Let b = 6 + s. Suppose 0 = -3*x + 5*v + 123, 4*x - 88 = 4*v + 68. What is the greatest common factor of b and x?
36
Let c be (0 - 1 - -58) + -1. Suppose 34 = -5*m - c. Let n be (4/4)/((-1)/m). Calculate the highest common factor of 9 and n.
9
Let f be 14/(-63) + (-52)/9. Let o be (2 + 4)*1/(f/(-15)). What is the highest common divisor of o and 3?
3
Let n(x) = x**2 - x + 7. Let d be n(5). Let j = 45 - d. What is the highest common divisor of j and 90?
18
Suppose 0*z = -4*g + 4*z + 24, 2*g - 3 = -z. Let t be ((-9)/g - -3) + 5. Let b be -2 - -3 - (t - 32). Calculate the highest common divisor of 7 and b.
7
Let s = -55 - -30. Let v = s - -18. Let n be v/(-21) - (-796)/6. Calculate the greatest common divisor of n and 19.
19
Let c be (-1002)/(-15) - (136/20 + -6). What is the greatest common divisor of 44 and c?
22
Let y = -11 + 37. Suppose 4*z - 315 = -t + 108, -4*z - 3*t + 421 = 0. Suppose 2*g + 28 - z = 0. What is the highest common divisor of g and y?
13
Suppose 27 = 2*b - 5*q - 33, 0 = -b - q + 37. Calculate the highest common factor of 21 and b.
7
Suppose 5*m = -5*d + 2050, 840 = d + d - 3*m. Calculate the greatest common divisor of d and 18.
18
Let i = -4 + 34. Suppose -24*w - 48 = -i*w. What is the greatest common divisor of w and 64?
8
Let n(s) = 3*s**2 + 11*s - 5. Let k be n(8). Suppose -15*g + k + 25 = 0. Calculate the highest common divisor of 140 and g.
20
Let f be (-20)/(-1) + (7 - -1) + -13. Calculate the greatest common divisor of f and 90.
15
Let g(z) = z**2 + z - 5. Let q be g(-5). Suppose -4*t = -0 - 20. Suppose 0 = t*y + 20, b - 6*b = 2*y - 17. What is the greatest common factor of q and b?
5
Let h(f) = f - 12. Let u be h(6). Let p be (6 - u)/6 - (-10)/2. Calculate the highest common factor of p and 3.
1
Let o(b) = 2*b**2 + b + 14. Suppose -3*j + 6*z - 3*z + 9 = 0, 0 = j + z + 3. Let x be o(j). Calculate the highest common factor of x and 154.
14
Let v(i) = i**3 - 6*i**2 + 7*i - 1. Let n be v(5). Suppose -10 = -2*r - 2. Suppose -r*p + 536 - 140 = 0. What is the greatest common divisor of n and p?
9
Suppose -2*n + 0 = -4. Suppose 0 = -i - n*i. Suppose y + 3*y - 48 = i. What is the greatest common factor of 24 and y?
12
Suppose 0 = -11*j + 7*j + 64. Let z = -50 - -130. What is the greatest common factor of j and z?
16
Suppose -58*n - 252 = -62*n. Calculate the greatest common divisor of n and 63.
63
Let o = -547 - -581. Calculate the highest common divisor of 578 and o.
34
Suppose -6*f + g - 13 = -11*f, -3*g = -3*f + 15. What is the highest common factor of f and 96?
3
Suppose -5*f = 0, -2*j + 3*f = 6*f - 112. Suppose n + n = j. Let v(w) = w**3 + 9*w**2 - 9*w + 14. Let o be v(-10). What is the highest common factor of n and o?
4
Let a be 3045/25 + 10 + (-1)/(-5). Calculate the greatest common divisor of a and 30.
6
Suppose 12 = 4*n - 92. Let i(x) = -5 + x - x + 5*x - 2*x. Let w be i(6). What is the greatest common divisor of w and n?
13
Let n(t) be the second derivative of -t**3/2 + 12*t**2 + 9*t. Let o be n(7). Calculate the highest common factor of 27 and o.
3
Let z(b) = -b**3 - 15*b**2 + 77*b + 33. Let n be z(-19). Calculate the greatest common factor of n and 56.
14
Let z(l) = 12*l**2 + 4. Let f be z(-2). Let i = f + -43. What is the greatest common divisor of i and 3?
3
Let t(g) = 35*g + 7. Let k be t(4). Suppose 6*o - 663 = -k. Suppose 0*u - 2*u - n + 90 = 0, o = 2*u + 3*n. Calculate the highest common divisor of 115 and u.
23
Let o(f) = 2*f**3 - f**2 + 3*f + 8. Let v be o(-4). Let i = -88 - v. Suppose 0*z + 5*z = i. What is the highest common divisor of z and 12?
12
Let h(c) be the first derivative of -2 + 6*c - 1/2*c**2. Let p be h(-15). Calculate the greatest common divisor of 3 and p.
3
Let x(d) = -d + 12. Let r be x(5). Let u be (-755)/(-3) + (-1)/(-3). Suppose -3*h + u = h. What is the highest common divisor of h and r?
7
Let a = -595 + 622. Calculate the greatest common divisor of a and 81.
27
Suppose -3*o + 5*o = 10. Suppose 0 = -30*x + 35*x - 380. Suppose a + x = o*a. Calculate the greatest common factor of a and 152.
19
Suppose -5*r - 6 + 1 = 0. Let d be 4*r/(-8)*-12. Let i = d + 10. What is the highest common factor of i and 4?
4
Let s = 3 + -7. Let y(l) = -l**3 - 3*l**2 - 4. Let n be y(s). Let j = -45 - -49. Calculate the greatest common divisor of j and n.
4
Let p = -83 + 237. Let d be (12/7)/(4/p). Let h be ((2 + -6)/4)/(1/(-6)). Calculate the highest common divisor of d and h.
6
Let g be 170/3 + 9/27. Calculate the greatest common divisor of g and 513.
57
Let s be -1 - (-17*1 - 2). Suppose 24 = 2*c + 6. Suppose c*b = 4*b + 60. Calculate the greatest common factor of s and b.
6
Let b(l) be the first derivative of l**4/4 - 14*l**3/3 + 2*l**2 - 41*l - 30. Let n be b(14). What is the highest common divisor of n and 5?
5
Let x be (-5)/((-279)/66 - -4). Calculate the highest common divisor of 363 and x.
11
Let w be (-9 - (0 + -5))*-12. What is the greatest common factor of w and 512?
16
Let f = 3 - -10. Let w(q) = -131*q**3 - q**2 - q - 1. Let k be w(-1). Suppose 3*x = -13 + k. What is the highest common divisor of x and f?
13
Let b = 12 + -10. Suppose b*w - 1020 = -4*w. What is the highest common divisor of 68 and w?
34
Let b be (1 + 33/12)*4. Suppose -5*h = -75 - b. Suppose -4*a + 153 = 117. What is the highest common factor of h and a?
9
Suppose 275 = 5*y + w, 5*w - 15 = -y + 16. Suppose -165 - 10 = -25*p. What is the greatest common factor of p and y?
7
Let i = 60 + 84. Let t = -346 + 362. Calculate the highest common divisor of i and t.
16
Let k(x) be the first derivative of -x**3/3 + x**2/2 + 5*x + 3. Let n be k(0). Suppose 0 = n*t - 22 - 8. What is the greatest common factor of 2 and t?
2
Let i be 62/4*(-20)/5. Let j be (i/(-93))/(((-1)/(-231))/1). What is the greatest common factor of j and 14?
14
Let c(p) = p**2 - 5*p. Let x be c(5). Let n(b) = b**2 - 2*b + 6. Let w be n(x). Calculate the greatest common factor of w and 12.
6
Suppose -3*z = -q - 11, 0*q + 2*q - 8 = 0. Suppose -139 = -z*v - 39. Calculate the greatest common divisor of 5 and v.
5
Suppose -4*t + 104 = -u - 70, 3*t - 138 = -3*u. What is the greatest common factor of 55 and t?
11
Let b(w) = w**3 + 8*w**2 + 6*w - 1. Let f be b(-5). Suppose -237 = -14*a + 225. What is the greatest common factor of a and f?
11
Let g be -2 - 1/(5 + 764/(-152)). What is the greatest common divisor of g and 156?
12
Suppose 3*u = 2*w - 47, 81 = 3*w - 2*u + u. Suppose -10*m = -312 - w. What is the highest common factor of m and 17?
17
Let p = 503 - 95. What is the highest common divisor of p and 17?
17
Let n = 87 - 59. Suppose 102*p - n = 101*p. What is the highest common divisor of p and 98?
14
Let w be ((-3)/4)/(4/(-176)). Let o = w - 17. Calculate the highest common factor of o and 4.
4
Suppose -4*q = 3*o - 70, 2*o + 0*o - 72 = -4*q. Let b = -6 + 25. What is the highest common factor of q and b?
19
Suppose 3*u - 139 + 115 = 0. Let l be (5 - 2) + 7*1. Let f = l + 2. What is the highest common factor of f and u?
4
Let u be 1212 + -1 + 10*(-14)/(-35). What is the greatest common factor of 45 and u?
45
Let k(f) = -f**3 + 9*f**2 + 20*f + 55. Let r be k(11). Calculate the greatest common divisor of r and 9.
3
Let h(d) = d**2 - 3*d - 4. Let u be h(-4). Let y be 0 - 5 - (-304)/38. Let z = 5 + y. What is the greatest common factor of u and z?
8
Let s = 1495 + -1492. Suppose n + 3*c = c + 23, 0 = 3*n + c - 79. Calculate the highest common divisor of n and s.
3
Let q be 3*(37/2)/(15/40). Calculate the highest common factor of q and 37.
37
Let y be (-2 + 5)/((-3)/(-4)). Suppose 3*p = 4*g - 9, 2*p - 74 = -2*g - 52. What is the highest common factor of y and g?
2
Let b(q) = 6*q**2 - q + 2. Let u(t) = t**2 + 11*t + 15. Let s be (-32)/24*15/2. Let x be u(s). Let i be